 digit of t?
2
Suppose -5*t - 30 = w - 0*t, -3*w - 4*t - 35 = 0. Let a = -5 - w. What is the units digit of 1 + (a - -1)*3?
4
Suppose -2*z + 5*z + 9 = 0. Let p = -1 + z. Let o(k) = k + 5. What is the units digit of o(p)?
1
Suppose -2*h + 0*m + 16 = 3*m, 0 = 4*h + 4*m - 24. Suppose 0*y + y = h. Suppose 0 = 5*k - y*p - 62, -2*k - 11 = -4*p - 39. What is the units digit of k?
2
Let b = 8 + 1. Let k(n) = -5*n**2 + 13*n + 1. Let m(x) = -4*x**2 + 12*x + 1. Let w(p) = -3*k(p) + 4*m(p). What is the units digit of w(b)?
1
What is the tens digit of (148 - -5) + 6/2?
5
Suppose -29 = -2*w - 1. Let k = -8 + w. Suppose 4*h + 2*s = k, -3*h - 2 = 5*s + 11. What is the units digit of h?
4
Suppose 3*z - 7*z - 5*p + 25 = 0, z - p = 4. What is the tens digit of ((-6)/z)/(12/(-320))?
3
Let u(w) be the third derivative of -w**5/60 + w**4/3 + 5*w**3/6 - 5*w**2. What is the units digit of u(4)?
1
Suppose 2*h = 4*h - 2. Let w be 1 - 1*(-3 + h). Suppose -45 = -0*a - w*a. What is the tens digit of a?
1
Let t(a) be the second derivative of a**5/60 - 5*a**4/24 - 5*a**3/6 - a**2 + 3*a. Let b(h) be the first derivative of t(h). What is the units digit of b(6)?
1
What is the hundreds digit of (6 - 197)*(1 - 2)/1?
1
Suppose -897 = 13*m - 4264. What is the tens digit of m?
5
Let r(o) = 2*o**2 + 4*o + 3. Let d be r(-2). Let i = d - 1. Suppose -p + 3 = l + 2*p, -l - 4*p = -i. What is the units digit of l?
6
Suppose 232 = 5*p - 128. What is the tens digit of p?
7
Let c = -13 + 7. Let q(p) = p**2 + 4*p - 7. Let y be q(c). Suppose 3 = a - 5*v, -y*a + 0*v + 15 = 2*v. What is the units digit of a?
3
Let i(h) = 2*h**3 - 3*h**2 - 3*h + 2. Let y be i(3). Let a = 7 - -7. Let k = y - a. What is the units digit of k?
6
Let u = 7 + -3. Let i = u - -19. Let z = 33 - i. What is the units digit of z?
0
Let k = 166 + -96. What is the tens digit of k?
7
Suppose -172 = -0*z - 4*z. What is the tens digit of z?
4
What is the units digit of ((-3)/(-3) - -2 - -172) + 3?
8
Let l be (2/4)/((-8)/(-32)). Suppose -l*w + 4*b + 19 = -b, 46 = 4*w - 2*b. What is the tens digit of w?
1
Let q(h) = h + 96. Let k be q(0). Suppose -2*o + k = 2*o. What is the units digit of o?
4
Let n = 7 - 4. Let i(y) = -3*y + 4 + 5*y - 5 - n*y. What is the tens digit of i(-11)?
1
Let x = -3 + 23. Suppose -x = -m - 4*m. What is the units digit of m?
4
Let p(c) = -c**3 + 5*c**2 + 2*c - 6. Let q be p(5). Suppose -q*x = -3*r - 80, 3*x + 4*r - 35 = -0*r. What is the units digit of x?
7
Let y = 16 - 5. What is the units digit of y?
1
Suppose 2*c = -3*s + 109 - 25, -3*c = -5*s - 145. What is the units digit of c?
5
Let p(h) = -h**3 - 1. Let x(k) = 6*k**2 - 6*k**2 + 3 + 10*k**2 - k. Let z(f) = -p(f) - x(f). What is the units digit of z(10)?
8
Suppose -1420 = -3*a - 7*a. What is the hundreds digit of a?
1
Let o(k) = -7 - 4*k**2 - 2*k**2 + 2*k**2 + 3*k**2 + 9*k. Let v be o(8). Let y = 4 - v. What is the units digit of y?
3
Suppose 3*x = x - 5*a + 19, 3*x - 3*a = -3. Suppose x*o + 2*l - 3 = 1, -3*l = o. Let f(d) = d**2 - 2. What is the units digit of f(o)?
7
Suppose 2*o + 2*o = -5*i + 3, 0 = -4*o + 2*i + 10. Suppose h + o = 2*h. What is the units digit of h*(-10)/(-4) + -1?
4
Let p(q) = -2*q - 6. Let h be p(-5). Suppose -h = -3*j + 2*j. Suppose 3*z + z = j. What is the units digit of z?
1
Suppose 0*k = 5*k - 815. What is the units digit of k?
3
Suppose 5*g - 11 = 24. Let a(w) = -7 - 7*w**2 + w**3 + 6 + 10. What is the units digit of a(g)?
9
Suppose 3*f - 5*f + 8 = 0. Suppose 12 = -3*v + 6*v. Suppose 0 = 3*x + v*o - 5, 4*o + f = -12. What is the units digit of x?
7
Let b be (-8)/(-5) - (-2)/5. Let w = -4 + 8. Suppose r - b*r = -w. What is the units digit of r?
4
Let g be (-22)/4*(-6)/3. Let t = g - 2. Suppose -c + t = 2*c. What is the units digit of c?
3
Let h be ((-27)/6 + 0)*-2. Let v be 3 + -8 + 1 + 0. Let o = v + h. What is the units digit of o?
5
Let y = 7 + -4. Suppose 15 + 14 = s + 5*z, -32 = -3*s - 4*z. Let p = y + s. What is the units digit of p?
7
Let u be ((-8)/4 - 0) + 7. What is the tens digit of (-4 + u)/(3/33)?
1
Let z be (28*-1)/2*1. Let a = 12 + -20. Let t = a - z. What is the units digit of t?
6
Let w = -14 - -12. Let g(s) = -2*s**3 + 3*s**2 - 1. What is the tens digit of g(w)?
2
Let k = -7 - 1. Let r = 11 + k. What is the units digit of r?
3
Suppose -25 + 139 = 2*d. Suppose 4*i + h - 15 = 0, d = 5*i - 5*h + 7. What is the units digit of i?
5
Suppose 3*u - a = 11, 6*a = u + 2*a + 11. Suppose -4*x + 2 = -4*b - 2, 0 = -u*x + 20. What is the units digit of b?
3
What is the units digit of (4 - 2) + 4/1?
6
Let m = 105 - 71. What is the tens digit of m?
3
What is the units digit of -69*8/(-12)*1*2?
2
Suppose -4*z = -d + 9, -d - 5 - 1 = -z. Let f = -8 - d. Suppose 0 = f*k - 0*k - 21. What is the units digit of k?
7
Let z(u) be the second derivative of u**4/12 - u**3 + u**2 - 2*u. Let v be z(6). Suppose v*a - 13 = a. What is the tens digit of a?
1
Let s(r) = -2*r**2 - 1. Let l be s(1). What is the units digit of 18/1 + l + 2?
7
Suppose 0 = -4*j - h + 35, 2*j - 3*h - 45 = -j. Suppose -4*l - l = j, -3*d + 50 = 5*l. What is the tens digit of d?
2
Let h(n) = 3*n**2 + 2*n - 1. Let p be h(-2). Suppose 25 = -2*u + p*u. What is the units digit of u?
5
Let w = 58 - 2. What is the tens digit of w?
5
Suppose 0*l - 36 = -2*l. What is the tens digit of l?
1
Let y(k) = 5 - 2 + 6*k - 1. What is the units digit of y(5)?
2
Suppose -3*s + 2*d + 354 = -d, 0 = 2*s + d - 245. Suppose s = -3*l - l - h, -l = h + 31. Let m = -21 - l. What is the units digit of m?
9
Suppose -6*i + 11*i - 450 = 0. Suppose z = -3*q + 2*q + 18, 4*q - i = 5*z. What is the units digit of q?
0
Suppose -5*m + 2*m = -5*c + 16, 0 = 2*c + 4*m - 22. Suppose 0 = c*p - 138 + 48. What is the tens digit of p?
1
Let j(s) = -2*s**3 - 8*s**2 + 4*s + 6. What is the hundreds digit of j(-6)?
1
Let y = -2 + 4. Suppose 0 = y*a + 3*a + x - 46, 0 = 3*a - 3*x - 24. What is the units digit of a?
9
What is the hundreds digit of (-2)/(4/(-3))*(0 - -92)?
1
Suppose -171 = -2*k + 1. What is the tens digit of k?
8
Let c = 3 - 0. Suppose o = -i + 3*i - 17, -c*i + 5*o = -29. What is the units digit of i?
8
Let p(g) = -g**3 + 5*g**2 - g - 3. Let q be p(5). Let f(x) = x**2 + 6*x - 3. What is the tens digit of f(q)?
1
Let t be -3*(-1 - -3) - 1. Suppose 0 = -q + 16 + 1. Let h = q + t. What is the tens digit of h?
1
Suppose 38*r = 40*r - 308. What is the units digit of r?
4
Let q = -20 + 22. Suppose 0*u + 3*u = q*v + 70, -u + 18 = -2*v. What is the units digit of u?
6
Suppose q + 0*q - 3 = 0. Suppose q*z - 68 = 7. What is the units digit of z?
5
What is the hundreds digit of (-5872)/(-14) + (6 - 266/49)?
4
Let b(q) = q**3 - 3*q**2 - 5*q - 2. Let o be b(4). Let m(h) = -h + 13. What is the units digit of m(o)?
9
Let t = -13 - -15. Suppose -t*x - 8*o = -4*o - 10, 3*o + 38 = 5*x. What is the units digit of x?
7
Let z(u) = -u**3 + 3*u**2 + 2. Let s be z(3). Suppose -3*k + 12 = -5*g + 2*g, 2*g - 2 = 0. Suppose 3*o - k = -s. What is the units digit of o?
1
Let y = 2 - -3. Let o = y - 0. Suppose -2*r + 1 + 6 = -3*b, 2*b + 34 = o*r. What is the units digit of r?
8
What is the units digit of (-40)/(2/((-10)/5)) - -3?
3
Let a = -2 - -1. Let b = 3 - a. What is the units digit of b?
4
Let z = -4 + 3. Let h be z/4 - 21/(-4). Suppose h*o - 10 = -0*o. What is the units digit of o?
2
Let w(s) = -2 - 2 + s - 5*s + 0*s. What is the units digit of w(-4)?
2
Suppose 2*x = -3*w + 72, -2*w - 206 = -5*x - 3*w. What is the tens digit of x?
4
Suppose 3*y + 3 = -3*q, 3*y - 2 = 1. What is the units digit of (20/(-25))/(q/20)?
8
Let f = -1 - 1. Let y = f + 7. What is the units digit of y?
5
Suppose 4*w + y + 2*y = 51, -16 = -4*w + 4*y. Let m(r) = 3*r - 4. What is the units digit of m(w)?
3
Suppose 5 + 4 = 3*b. Suppose 2*o - 86 = -k - b*k, -3*k + 5*o = -45. What is the tens digit of k?
2
Suppose -54*n - 261 = -57*n. What is the tens digit of n?
8
Let z = -30 + 16. Let k = z - -38. What is the units digit of k?
4
Suppose 5*i - 25 = -5*q, 3*q + 2*q - 52 = 4*i. Let g = q - 4. What is the units digit of g?
4
Suppose -h - 2*w = -41, -5*h + 223 = w + 3*w. Let r = -78 + h. Let i = 47 + r. What is the tens digit of i?
1
Let n be ((-12)/15)/((-4)/10). Suppose 2*d = -3*d + n*p + 37, -p = -4. What is the units digit of d?
9
Let a(s) = s**2 + 2*s + 